{"id":88,"date":"2024-02-15T08:24:31","date_gmt":"2024-02-15T11:24:31","guid":{"rendered":"https:\/\/mtp.com.ar\/?page_id=88"},"modified":"2024-02-15T08:25:46","modified_gmt":"2024-02-15T11:25:46","slug":"odin-gestion-administrativo","status":"publish","type":"page","link":"https:\/\/mtp.com.ar\/?page_id=88","title":{"rendered":"ODIN Gesti\u00f3n Administrativo"},"content":{"rendered":"\n<p>La gesti\u00f3n administrativa desde el sistema ODIN se concibi\u00f3 teniendo consideraci\u00f3n al sujeto alumno y al sujeto docente: Administraci\u00f3n de Alumnos y Administraci\u00f3n de Docentes.<\/p>\n\n\n\n<p>Respecto a la <strong>GESTI\u00d3N ADMINISTRATIVA DEL ALUMNO<\/strong>, el formulario mas importante es el denominado <strong>ABM del Alumno<\/strong>. Dicho formulario permite la recopilaci\u00f3n y captaci\u00f3n de todos los datos del alumno. Este alta de alumno puede hacerse puede de forma manual o bien de forma masiva, lo que ocurre generalmente en los procesos de implementaci\u00f3n y de reinscripciones. Toda la informaci\u00f3n as\u00ed recopilada se muestra luego en la <strong>Ficha del Alumno<\/strong>.<\/p>\n\n\n\n<p><strong>FICHA DEL ALUMNO<\/strong>: desde esta ficha, es posible consultar toda la informaci\u00f3n del alumno:<\/p>\n\n\n\n<ul class=\"wp-block-list\">\n<li>foto del alumno: permite visualizar de quien estamos hablando. Los alumnos no son un n\u00famero m\u00e1s<\/li>\n\n\n\n<li>datos identificatorios del mismo<\/li>\n\n\n\n<li>datos de sus responsables parentales,<\/li>\n\n\n\n<li>datos de hermanos que asistan a la instituci\u00f3n,<\/li>\n\n\n\n<li>datos curriculares,<\/li>\n\n\n\n<li>informes que se hayan cargado al alumno, cuenta corriente con indicaci\u00f3n de su situaci\u00f3n financiera, entre otra informaci\u00f3n,<\/li>\n\n\n\n<li>informaci\u00f3n sociocultural, etc.<\/li>\n<\/ul>\n\n\n\n<p>Por ultimo nos interesa contarles que ODIN trabaja con distintos tableros. Estos tableros son utilizados para mostrar informaci\u00f3n consolida por grupos. El tablero de <strong>TABLERO DE ALUMNOS<\/strong> muestra para un grado o curso y tambi\u00e9n para una divisi\u00f3n en particular quienes componen el grupo, alumnado total, alumnos por cursos. alumnado por divisi\u00f3n, por genero, etc.<\/p>\n\n\n\n<p>La Ficha del Alumno es la columna vertebral de esta gesti\u00f3n<\/p>\n\n\n\n<ol class=\"wp-block-list\">\n<li>Datos personales\n<ol class=\"wp-block-list\">\n<li>historial<\/li>\n\n\n\n<li>notas e informes<\/li>\n<\/ol>\n<\/li>\n\n\n\n<li>Datos curriculares<\/li>\n\n\n\n<li>Familiares<\/li>\n\n\n\n<li>Datos Financieros<\/li>\n<\/ol>\n\n\n\n<p>En los proceso de <strong>reinscripciones<\/strong> esta contemplado que el ABM de Alumnos se transforme en un formulario online disponible en la p\u00e1gina del colegio, donde con el ingreso del DNI del alumno que vamos a reinscribir se carguen todos los datos existentes en la base de datos y el padre pueda modificar o confirmar los mismos, agilizando el proceso de reinscripciones.<\/p>\n\n\n\n<p>Es importante mencionar que est\u00e1n disponibles las parametrizaciones que la instituci\u00f3n desee para la retenci\u00f3n de reinscripciones por deudas, generaci\u00f3n de boletas por reinscripci\u00f3n autom\u00e1ticas y env\u00edo de mail con solicitud de documentaci\u00f3n.<\/p>\n\n\n\n<p><\/p>\n\n\n\n<p>La realidad es que el proceso de inscripciones y reinscripciones merece un capitulo aparte por su versatilidad y adaptabilidad.<p>Respecto a la <strong>GESTION ADMINISTRATIVA DOCENTE<\/strong>, nuevamente para este caso se trabaja con un formulario denominado <strong>ABM Docente<\/strong>.<li>Este formulario puede ser cargado de forma manual o masiva en procesos migraci\u00f3n.Adicionalmente esta disponible la opci\u00f3n de remitir dicho formulario al docente para que el mismo lo complete \/ actualice y pueda luego ser subido al sistema mediante aprobaci\u00f3n por parte del Secretario \/ Directivo.Todos los datos recopilados se muestra en la Ficha de Docente.Importante es tener en cuenta que para el caso de los docentes la carga en el ABM Docentes no se limita a los datos de identificatorios sino que tambi\u00e9n incluyen las asignaciones que cada uno tiene ya que luego con esa informaci\u00f3n se vincular\u00e1 al docente con la materia, lo que permitir\u00e1 luego que el mismo pueda autogestionar el ingreso de calificaciones.<\/li>Al igual que para la parte administrativa de alumnado la parte administrativa de docentes prev\u00e9 un <strong>TABLERO DOCENTE<\/strong>. El mismo muestra la informaci\u00f3n de dos maneras dependiendo del nivel de usuario: el usuario Administrador va a poder ver para cada curso los docentes asignados a cada materia. El docente con su usuario espec\u00edfico va a poder ver todas las materias que est\u00e1n asignadas a ese usuario.<\/p> <\/p>\n","protected":false},"excerpt":{"rendered":"<p>La gesti\u00f3n administrativa desde el sistema ODIN se concibi\u00f3 teniendo consideraci\u00f3n al sujeto alumno y al sujeto docente: Administraci\u00f3n de Alumnos y Administraci\u00f3n de Docentes. Respecto a la GESTI\u00d3N ADMINISTRATIVA DEL ALUMNO, el formulario mas importante es el denominado ABM del Alumno. Dicho formulario permite la recopilaci\u00f3n y captaci\u00f3n de todos los datos del alumno. [&hellip;]<\/p>\n","protected":false},"author":1,"featured_media":89,"parent":0,"menu_order":0,"comment_status":"closed","ping_status":"closed","template":"","meta":{"_monsterinsights_skip_tracking":false,"_monsterinsights_sitenote_active":false,"_monsterinsights_sitenote_note":"","_monsterinsights_sitenote_category":0,"footnotes":""},"class_list":["post-88","page","type-page","status-publish","has-post-thumbnail","hentry"],"yoast_head":"<!-- This site is optimized with the Yoast SEO plugin v22.0 - https:\/\/yoast.com\/wordpress\/plugins\/seo\/ -->\n<title>ODIN Gesti\u00f3n Administrativo - MTP Sistemas<\/title>\n<meta name=\"robots\" content=\"index, follow, max-snippet:-1, max-image-preview:large, max-video-preview:-1\" \/>\n<link rel=\"canonical\" href=\"https:\/\/mtp.com.ar\/?page_id=88\" \/>\n<meta property=\"og:locale\" content=\"es_ES\" \/>\n<meta property=\"og:type\" content=\"article\" \/>\n<meta property=\"og:title\" content=\"ODIN Gesti\u00f3n Administrativo - MTP Sistemas\" \/>\n<meta property=\"og:description\" content=\"La gesti\u00f3n administrativa desde el sistema ODIN se concibi\u00f3 teniendo consideraci\u00f3n al sujeto alumno y al sujeto docente: Administraci\u00f3n de Alumnos y Administraci\u00f3n de Docentes. Respecto a la GESTI\u00d3N ADMINISTRATIVA DEL ALUMNO, el formulario mas importante es el denominado ABM del Alumno. Dicho formulario permite la recopilaci\u00f3n y captaci\u00f3n de todos los datos del alumno. [&hellip;]\" \/>\n<meta property=\"og:url\" content=\"https:\/\/mtp.com.ar\/?page_id=88\" \/>\n<meta property=\"og:site_name\" content=\"MTP Sistemas\" \/>\n<meta property=\"article:modified_time\" content=\"2024-02-15T11:25:46+00:00\" \/>\n<meta property=\"og:image\" content=\"https:\/\/mtp.com.ar\/wp-content\/uploads\/2024\/02\/Ficha-Alumno-e1707996251924.png\" \/>\n\t<meta property=\"og:image:width\" content=\"1134\" \/>\n\t<meta property=\"og:image:height\" content=\"326\" \/>\n\t<meta property=\"og:image:type\" content=\"image\/png\" \/>\n<meta name=\"twitter:card\" content=\"summary_large_image\" \/>\n<meta name=\"twitter:label1\" content=\"Tiempo de lectura\" \/>\n\t<meta name=\"twitter:data1\" content=\"3 minutos\" \/>\n<script type=\"application\/ld+json\" class=\"yoast-schema-graph\">{\"@context\":\"https:\/\/schema.org\",\"@graph\":[{\"@type\":\"WebPage\",\"@id\":\"https:\/\/mtp.com.ar\/?page_id=88\",\"url\":\"https:\/\/mtp.com.ar\/?page_id=88\",\"name\":\"ODIN Gesti\u00f3n Administrativo - MTP Sistemas\",\"isPartOf\":{\"@id\":\"https:\/\/mtp.com.ar\/#website\"},\"datePublished\":\"2024-02-15T11:24:31+00:00\",\"dateModified\":\"2024-02-15T11:25:46+00:00\",\"breadcrumb\":{\"@id\":\"https:\/\/mtp.com.ar\/?page_id=88#breadcrumb\"},\"inLanguage\":\"es-AR\",\"potentialAction\":[{\"@type\":\"ReadAction\",\"target\":[\"https:\/\/mtp.com.ar\/?page_id=88\"]}]},{\"@type\":\"BreadcrumbList\",\"@id\":\"https:\/\/mtp.com.ar\/?page_id=88#breadcrumb\",\"itemListElement\":[{\"@type\":\"ListItem\",\"position\":1,\"name\":\"Inicio\",\"item\":\"https:\/\/mtp.com.ar\/\"},{\"@type\":\"ListItem\",\"position\":2,\"name\":\"ODIN Gesti\u00f3n Administrativo\"}]},{\"@type\":\"WebSite\",\"@id\":\"https:\/\/mtp.com.ar\/#website\",\"url\":\"https:\/\/mtp.com.ar\/\",\"name\":\"MTP Sistemas\",\"description\":\"Una empresa donde todo es posible\",\"publisher\":{\"@id\":\"https:\/\/mtp.com.ar\/#organization\"},\"alternateName\":\"ODIN\",\"potentialAction\":[{\"@type\":\"SearchAction\",\"target\":{\"@type\":\"EntryPoint\",\"urlTemplate\":\"https:\/\/mtp.com.ar\/?s={search_term_string}\"},\"query-input\":\"required name=search_term_string\"}],\"inLanguage\":\"es-AR\"},{\"@type\":\"Organization\",\"@id\":\"https:\/\/mtp.com.ar\/#organization\",\"name\":\"MTP Sistemas\",\"url\":\"https:\/\/mtp.com.ar\/\",\"logo\":{\"@type\":\"ImageObject\",\"inLanguage\":\"es-AR\",\"@id\":\"https:\/\/mtp.com.ar\/#\/schema\/logo\/image\/\",\"url\":\"https:\/\/mtp.com.ar\/wp-content\/uploads\/2023\/12\/logo.png\",\"contentUrl\":\"https:\/\/mtp.com.ar\/wp-content\/uploads\/2023\/12\/logo.png\",\"width\":734,\"height\":323,\"caption\":\"MTP Sistemas\"},\"image\":{\"@id\":\"https:\/\/mtp.com.ar\/#\/schema\/logo\/image\/\"},\"sameAs\":[\"https:\/\/www.instagram.com\/odin.sistema\/\"]}]}<\/script>\n<!-- \/ Yoast SEO plugin. -->","yoast_head_json":{"title":"ODIN Gesti\u00f3n Administrativo - MTP Sistemas","robots":{"index":"index","follow":"follow","max-snippet":"max-snippet:-1","max-image-preview":"max-image-preview:large","max-video-preview":"max-video-preview:-1"},"canonical":"https:\/\/mtp.com.ar\/?page_id=88","og_locale":"es_ES","og_type":"article","og_title":"ODIN Gesti\u00f3n Administrativo - MTP Sistemas","og_description":"La gesti\u00f3n administrativa desde el sistema ODIN se concibi\u00f3 teniendo consideraci\u00f3n al sujeto alumno y al sujeto docente: Administraci\u00f3n de Alumnos y Administraci\u00f3n de Docentes. Respecto a la GESTI\u00d3N ADMINISTRATIVA DEL ALUMNO, el formulario mas importante es el denominado ABM del Alumno. Dicho formulario permite la recopilaci\u00f3n y captaci\u00f3n de todos los datos del alumno. [&hellip;]","og_url":"https:\/\/mtp.com.ar\/?page_id=88","og_site_name":"MTP Sistemas","article_modified_time":"2024-02-15T11:25:46+00:00","og_image":[{"width":1134,"height":326,"url":"https:\/\/mtp.com.ar\/wp-content\/uploads\/2024\/02\/Ficha-Alumno-e1707996251924.png","type":"image\/png"}],"twitter_card":"summary_large_image","twitter_misc":{"Tiempo de lectura":"3 minutos"},"schema":{"@context":"https:\/\/schema.org","@graph":[{"@type":"WebPage","@id":"https:\/\/mtp.com.ar\/?page_id=88","url":"https:\/\/mtp.com.ar\/?page_id=88","name":"ODIN Gesti\u00f3n Administrativo - MTP Sistemas","isPartOf":{"@id":"https:\/\/mtp.com.ar\/#website"},"datePublished":"2024-02-15T11:24:31+00:00","dateModified":"2024-02-15T11:25:46+00:00","breadcrumb":{"@id":"https:\/\/mtp.com.ar\/?page_id=88#breadcrumb"},"inLanguage":"es-AR","potentialAction":[{"@type":"ReadAction","target":["https:\/\/mtp.com.ar\/?page_id=88"]}]},{"@type":"BreadcrumbList","@id":"https:\/\/mtp.com.ar\/?page_id=88#breadcrumb","itemListElement":[{"@type":"ListItem","position":1,"name":"Inicio","item":"https:\/\/mtp.com.ar\/"},{"@type":"ListItem","position":2,"name":"ODIN Gesti\u00f3n Administrativo"}]},{"@type":"WebSite","@id":"https:\/\/mtp.com.ar\/#website","url":"https:\/\/mtp.com.ar\/","name":"MTP Sistemas","description":"Una empresa donde todo es posible","publisher":{"@id":"https:\/\/mtp.com.ar\/#organization"},"alternateName":"ODIN","potentialAction":[{"@type":"SearchAction","target":{"@type":"EntryPoint","urlTemplate":"https:\/\/mtp.com.ar\/?s={search_term_string}"},"query-input":"required name=search_term_string"}],"inLanguage":"es-AR"},{"@type":"Organization","@id":"https:\/\/mtp.com.ar\/#organization","name":"MTP Sistemas","url":"https:\/\/mtp.com.ar\/","logo":{"@type":"ImageObject","inLanguage":"es-AR","@id":"https:\/\/mtp.com.ar\/#\/schema\/logo\/image\/","url":"https:\/\/mtp.com.ar\/wp-content\/uploads\/2023\/12\/logo.png","contentUrl":"https:\/\/mtp.com.ar\/wp-content\/uploads\/2023\/12\/logo.png","width":734,"height":323,"caption":"MTP Sistemas"},"image":{"@id":"https:\/\/mtp.com.ar\/#\/schema\/logo\/image\/"},"sameAs":["https:\/\/www.instagram.com\/odin.sistema\/"]}]}},"_links":{"self":[{"href":"https:\/\/mtp.com.ar\/index.php?rest_route=\/wp\/v2\/pages\/88","targetHints":{"allow":["GET"]}}],"collection":[{"href":"https:\/\/mtp.com.ar\/index.php?rest_route=\/wp\/v2\/pages"}],"about":[{"href":"https:\/\/mtp.com.ar\/index.php?rest_route=\/wp\/v2\/types\/page"}],"author":[{"embeddable":true,"href":"https:\/\/mtp.com.ar\/index.php?rest_route=\/wp\/v2\/users\/1"}],"replies":[{"embeddable":true,"href":"https:\/\/mtp.com.ar\/index.php?rest_route=%2Fwp%2Fv2%2Fcomments&post=88"}],"version-history":[{"count":1,"href":"https:\/\/mtp.com.ar\/index.php?rest_route=\/wp\/v2\/pages\/88\/revisions"}],"predecessor-version":[{"id":90,"href":"https:\/\/mtp.com.ar\/index.php?rest_route=\/wp\/v2\/pages\/88\/revisions\/90"}],"wp:featuredmedia":[{"embeddable":true,"href":"https:\/\/mtp.com.ar\/index.php?rest_route=\/wp\/v2\/media\/89"}],"wp:attachment":[{"href":"https:\/\/mtp.com.ar\/index.php?rest_route=%2Fwp%2Fv2%2Fmedia&parent=88"}],"curies":[{"name":"wp","href":"https:\/\/api.w.org\/{rel}","templated":true}]}}